e remainder when 110011 is divided by 134?
131
Calculate the remainder when 393 is divided by 69.
48
What is the remainder when 14694 is divided by 3671?
10
What is the remainder when 818 is divided by 42?
20
What is the remainder when 7088 is divided by 1107?
446
Calculate the remainder when 8116 is divided by 4040.
36
What is the remainder when 94544 is divided by 55?
54
What is the remainder when 1950 is divided by 838?
274
Calculate the remainder when 3066 is divided by 891.
393
Calculate the remainder when 422272 is divided by 35.
32
What is the remainder when 61609 is divided by 292?
289
Calculate the remainder when 47280 is divided by 827.
141
What is the remainder when 7552 is divided by 2514?
10
Calculate the remainder when 70364 is divided by 10.
4
Calculate the remainder when 52185 is divided by 52168.
17
What is the remainder when 1331301 is divided by 884?
881
Calculate the remainder when 4756 is divided by 217.
199
Calculate the remainder when 4785 is divided by 159.
15
Calculate the remainder when 325840 is divided by 15.
10
What is the remainder when 17736 is divided by 224?
40
Calculate the remainder when 3874 is divided by 3807.
67
What is the remainder when 9480 is divided by 4711?
58
Calculate the remainder when 5136 is divided by 23.
7
What is the remainder when 4328 is divided by 1432?
32
What is the remainder when 1098 is divided by 362?
12
Calculate the remainder when 3520 is divided by 3397.
123
What is the remainder when 5522 is divided by 1515?
977
Calculate the remainder when 7067 is divided by 56.
11
What is the remainder when 55552 is divided by 64?
0
Calculate the remainder when 5064 is divided by 208.
72
Calculate the remainder when 3233 is divided by 1026.
155
Calculate the remainder when 1678 is divided by 466.
280
What is the remainder when 51606 is divided by 941?
792
Calculate the remainder when 11160 is divided by 356.
124
What is the remainder when 757 is divided by 471?
286
Calculate the remainder when 93428 is divided by 102.
98
Calculate the remainder when 24188 is divided by 12.
8
Calculate the remainder when 3516 is divided by 909.
789
What is the remainder when 8386 is divided by 1799?
1190
Calculate the remainder when 61161 is divided by 10183.
63
What is the remainder when 13995 is divided by 102?
21
What is the remainder when 582 is divided by 141?
18
Calculate the remainder when 32021 is divided by 4574.
3
Calculate the remainder when 1641 is divided by 519.
84
What is the remainder when 9358 is divided by 156?
154
What is the remainder when 1135222 is divided by 92?
34
Calculate the remainder when 44460 is divided by 3175.
10
What is the remainder when 217595 is divided by 340?
335
What is the remainder when 587744 is divided by 378?
332
Calculate the remainder when 194631 is divided by 2463.
54
What is the remainder when 6215 is divided by 240?
215
Calculate the remainder when 71810 is divided by 52.
50
What is the remainder when 12535 is divided by 38?
33
What is the remainder when 8347 is divided by 130?
27
Calculate the remainder when 78453 is divided by 4.
1
Calculate the remainder when 4157 is divided by 1075.
932
What is the remainder when 745 is divided by 95?
80
Calculate the remainder when 8711 is divided by 81.
44
Calculate the remainder when 71477 is divided by 40.
37
Calculate the remainder when 1198 is divided by 1046.
152
Calculate the remainder when 1501 is divided by 737.
27
Calculate the remainder when 2936 is divided by 42.
38
What is the remainder when 20466 is divided by 5116?
2
Calculate the remainder when 351323 is divided by 575.
573
What is the remainder when 1400 is divided by 1262?
138
Calculate the remainder when 225069 is divided by 72.
69
Calculate the remainder when 7664 is divided by 535.
174
What is the remainder when 626 is divided by 624?
2
What is the remainder when 777 is divided by 118?
69
What is the remainder when 2113 is divided by 388?
173
Calculate the remainder when 10511 is divided by 10497.
14
Calculate the remainder when 164926 is divided by 27.
10
Calculate the remainder when 52766 is divided by 8794.
2
What is the remainder when 783252 is divided by 11?
8
Calculate the remainder when 37461 is divided by 76.
69
Calculate the remainder when 2489541 is divided by 22.
21
Calculate the remainder when 57007 is divided by 57004.
3
Calculate the remainder when 324686 is divided by 112.
110
Calculate the remainder when 47056 is divided by 39.
22
Calculate the remainder when 9543 is divided by 478.
461
Calculate the remainder when 2221 is divided by 1395.
826
Calculate the remainder when 5522 is divided by 116.
70
What is the remainder when 1205 is divided by 334?
203
What is the remainder when 5591 is divided by 1092?
131
What is the remainder when 27948 is divided by 1166?
1130
Calculate the remainder when 245485 is divided by 8.
5
What is the remainder when 2725 is divided by 162?
133
What is the remainder when 194236 is divided by 394?
388
What is the remainder when 26321 is divided by 4?
1
What is the remainder when 130617 is divided by 21767?
15
Calculate the remainder when 121338 is divided by 33.
30
What is the remainder when 2628 is divided by 868?
24
What is the remainder when 132044 is divided by 24?
20
What is the remainder when 96440 is divided by 48215?
10
What is the remainder when 3659 is divided by 3262?
397
Calculate the remainder when 279227 is divided by 1745.
27
What is the remainder when 325755 is divided by 325738?
17
What is the remainder when 178441 is divided by 9391?
12
Calculate the remainder when 6874 is divided by 3413.
48
What is the remainder when 2788 is divided by 96?
4
What is the remainder when 16468 is divided by 287?
109
Calculate the remainder when 6072 is divided by 34.
20
What is the remainder when 5908 is divided by 1467?
40
What is the remainder when 2842 is divided by 5?
2
Calculate the remainder when 6451 is divided by 711.
52
What is the remainder when 55659 is divided by 40?
19
Calculate the remainder when 12185 is divided by 140.
5
What is the remainder when 48187 is divided by 16058?
13
Calculate the remainder when 26224 is divided by 1636.
48
What is the remainder when 391478 is divided by 26?
22
Calculate the remainder when 1848 is divided by 15.
3
What is the remainder when 76350 is divided by 76262?
88
What is the remainder when 79689 is divided by 39804?
81
Calculate the remainder when 345177 is divided by 107.
102
Calculate the remainder when 8373 is divided by 210.
183
What is the remainder when 54664 is divided by 5?
4
Calculate the remainder when 31770 is divided by 92.
30
Calculate the remainder when 46177 is divided by 56.
33
Calculate the remainder when 7493 is divided by 3692.
109
Calculate the remainder when 505 is divided by 185.
135
What is the remainder when 10093 is divided by 519?
232
Calculate the remainder when 2243624 is divided by 375.
374
What is the remainder when 83314 is divided by 440?
154
Calculate the remainder when 51397 is divided by 17130.
7
What is the remainder when 63800 is divided by 51?
50
Calculate the remainder when 92639 is divided by 158.
51
Calculate the remainder when 21164 is divided by 73.
67
Calculate the remainder when 4449 is divided by 4429.
20
What is the remainder when 43836 is divided by 98?
30
What is the remainder when 649650 is divided by 50?
0
What is the remainder when 1122 is divided by 352?
66
Calculate the remainder when 2092 is divided by 956.
180
Calculate the remainder when 9518 is divided by 4748.
22
What is the remainder when 7390 is divided by 30?
10
What is the remainder when 34558 is divided by 5719?
244
What is the remainder when 32581 is divided by 958?
9
What is the remainder when 41386 is divided by 6?
4
Calculate the remainder when 8381 is divided by 182.
9
Calculate the remainder when 1466 is divided by 185.
171
What is the remainder when 1157 is divided by 382?
11
What is the remainder when 5544 is divided by 1158?
912
Calculate the remainder when 199261 is divided by 35.
6
What is the remainder when 30302 is divided by 286?
272
Calculate the remainder when 4187 is divided by 166.
37
What is the remainder when 5741 is divided by 186?
161
Calculate the remainder when 6597 is divided by 11.
8
What is the remainder when 828598 is d